 = 8 + -6. Suppose 4*x = y*v + 10, 0 = -2*x + v - 3*v + j. List the prime factors of x.
3
Suppose 10*b - 12*b + 10 = 0. Suppose 0 = y + 3, -43 = -b*h - 6*y + 2*y. What are the prime factors of h?
11
Suppose -5*r + 83 = -4*v, 4*r - 33 - 49 = -2*v. List the prime factors of r.
19
Suppose -5*x - 27 + 162 = 0. List the prime factors of x.
3
Suppose -5*b + 2 = -13. Suppose -q + 8 = -p, 5 - b = -q + 3*p. List the prime factors of q.
13
Let r be (10/5)/((-1)/(-2)). Suppose 19 + 21 = r*n. What are the prime factors of n?
2, 5
Suppose 44 = -x + 2*p, -x = -p + 6*p + 23. Let c = -16 - x. List the prime factors of c/4 - 6/(-12).
2, 3
Suppose u - 2*v = 3 - 2, -4*u = 3*v - 26. Suppose -4*a - 2*w + 72 = 12, u*a = -5*w + 65. List the prime factors of a.
17
Let f(x) = 9*x + 5. Let u(v) = -8*v - 4. Let g(w) = -5*f(w) - 6*u(w). Let i = 5 - 4. List the prime factors of g(i).
2
Suppose -2*w = -2*o - 16, o - 2*w + 2 + 5 = 0. Let x = o - -23. What are the prime factors of x?
2, 7
What are the prime factors of (-4)/(-6) + (-246)/(-9)?
2, 7
Let s(x) = 24*x + 47. What are the prime factors of s(5)?
167
Let s(y) be the first derivative of -y**4/4 - 5*y**3/3 - y**2 + 2*y - 9. List the prime factors of s(-6).
2, 5
Suppose -3*k = -8*k + 105. What are the prime factors of ((-28)/k)/((-3)/9)?
2
Suppose 3*x = -2*u - 2*x - 3, -4*x = 4*u + 12. What are the prime factors of -3 - (-2 + 0) - u?
3
Let s = 44 + -76. Let w = s - -73. Let j = w + -22. What are the prime factors of j?
19
Let s be 5/(-2)*(-32)/20. Suppose l - s = -2. What are the prime factors of l?
2
Let d(p) = -2*p + 2. Let v be d(-5). Suppose v + 3 = o. List the prime factors of o.
3, 5
Let d = -95 + 202. List the prime factors of d.
107
Let y(x) = 2 - x - 4 + 1. Let q = -15 - -8. What are the prime factors of y(q)?
2, 3
Let z be ((-1)/4)/(2/(-40)). Suppose -5*l = -5*b, -30 = 3*l - 4*l - z*b. What are the prime factors of l?
5
Let c = 0 - 0. Suppose c = -4*r + 3 + 17, s + 2*r = 27. What are the prime factors of s?
17
Suppose -3*b + r = -3*r - 4, 0 = 5*b - 5*r - 5. Suppose b = -4*a + 106 - 14. List the prime factors of a.
23
Suppose 2*g - 2*i = g + 64, -5*g = -4*i - 338. Suppose 12*d - g = 7*d. List the prime factors of d.
2, 7
Let u(c) = -8*c - 7. Let b(v) = -v. Let h(l) = -6*b(l) + u(l). Let x be h(-8). Suppose i = -4*g + x, -4*i = 3*g - 41 - 8. List the prime factors of i.
13
Suppose 3*p - 7*p = -56. List the prime factors of p.
2, 7
Let j(w) = -w**2 - 7*w + 4. Let r be j(-4). What are the prime factors of (2 + r)*(-2)/(-2)?
2, 3
Let s(r) = -3*r + 4. Let d be s(4). Let b = 19 + d. What are the prime factors of b?
11
Let b(i) = -i + 5. Let q be b(2). Suppose -2*m + d - q*d + 84 = 0, -3*m + 118 = d. What are the prime factors of m?
2, 19
Let r(w) = -w**2 - 6*w - 3. Let g be r(-5). Suppose g*d + 2 - 10 = 0. Suppose -d*z + 11 = v - 6, 0 = z - 3*v - 1. What are the prime factors of z?
2
Suppose -d + 30 = 4*d. Let y = d - -11. List the prime factors of y.
17
Suppose -4*t + 0 = -4. Suppose y = -4*g - t - 1, 0 = 4*g + 12. Suppose -5*h + 10 = -y. What are the prime factors of h?
2
Let d(h) = -2*h + 3. Let i be d(3). Let g be (-10)/i*3/2. Suppose -2*t + g*t = 12. What are the prime factors of t?
2
Let q = -14 + 44. Suppose 4*r + b - 57 = 0, 3*b + q = r + 6. What are the prime factors of r?
3, 5
Let o(q) = 1 - 1 + 7 + q. Let m be o(-5). Let s(w) = w**2 + 3*w - 3. List the prime factors of s(m).
7
Suppose 2*q = 4*x - 244, -2*x + 2*q = -2*q - 116. What are the prime factors of x?
2, 31
Let j(o) = o**3 + 6*o**2 - 9*o + 5. What are the prime factors of j(-6)?
59
Let t(v) be the third derivative of v**4/24 - v**3/6 - 2*v**2. Suppose -x + 7 = -0*x. What are the prime factors of t(x)?
2, 3
Suppose -5*u = -4*u - 21. What are the prime factors of u?
3, 7
Let j(u) = -u**3 - 5*u**2 + u + 7. Let t be j(-5). Suppose 5*a = -5*f + 105, a = -3*a + t*f + 84. List the prime factors of a.
3, 7
Suppose -2*t + 76 = 2*t. Let z = t + -13. What are the prime factors of z?
2, 3
Let l(s) = 5*s + 17. List the prime factors of l(9).
2, 31
List the prime factors of (-189)/(-2) + -1 - 5/(-10).
2, 47
Let s(d) = -3*d + 48. List the prime factors of s(-9).
3, 5
Let g be (-1)/(1*2/4). Let r be 3 + 3 + g/2. Suppose 3 = j, -r*m + j - 5*j = -27. What are the prime factors of m?
3
Let u be 2/(-4)*(-12)/3. Suppose 0 = u*y - 70 + 14. List the prime factors of y.
2, 7
Let q(c) = c**3 - 8*c**2 - 4*c - 7. Let u be q(9). Suppose -u = -2*n - 12. What are the prime factors of n?
13
Suppose 2*r + 2*r = 116. What are the prime factors of r?
29
What are the prime factors of (-1 - 12/(-8))*202?
101
Suppose -2*d = -4*w + 134, -w - 5 = 5*d - 33. What are the prime factors of w?
3, 11
Let n(g) = g**3 + g**2 + 17. List the prime factors of n(0).
17
Let l = 8 - 2. Suppose 5*a = -l + 31. Suppose a*q + 5*f - 35 = 0, -5*q + 13 = 4*f - 25. List the prime factors of q.
2, 5
Let y(f) = -5*f**2 - 5*f + 1 - 2 + 6*f**2. Let x = -6 + 12. What are the prime factors of y(x)?
5
Let o(i) = 1 - 4 + 3 + i + 17*i**3. Let b be o(1). Suppose 0*r - 2*r + b = 0. What are the prime factors of r?
3
Suppose -12*a + 402 = -10*a. What are the prime factors of a?
3, 67
Suppose -24 = -4*d + 12. Let v be -9*(24/d + -3). Suppose -v*y + 39 = -5*x, -2*y + x - 21 = -3*y. List the prime factors of y.
2, 3
Suppose 0 = -3*k + 1 + 5. List the prime factors of k.
2
Let z(l) = -4 + l**2 - 6*l - 4*l + 10 + 4*l. List the prime factors of z(7).
13
Let k be 10/(-15) + 80/3. Let r be (-2 + (0 - -1))*13. Let p = r + k. List the prime factors of p.
13
Let l(i) = -10 + i**2 + 20*i - 31*i + 0*i**2. Let k be l(11). What are the prime factors of 0 - 1 - k - 1?
2
Suppose -154 - 38 = -4*c + 4*l, 4*c - 197 = 5*l. What are the prime factors of c?
43
Let y(o) = -o**3 - 11*o**2 - 10*o + 4. Let r be y(-10). Suppose 0 = r*d - d - 27. What are the prime factors of d?
3
List the prime factors of (-86)/(-3) + ((-20)/(-6) - 3).
29
Let l be ((-18)/(-8))/(6/16). Let k = 11 - l. Suppose -5*g + 8*m = 4*m + k, m = -3*g + 14. List the prime factors of g.
3
Let y(t) = 5*t - 5*t**2 + 6*t**2 + 3 - 1 + 5. List the prime factors of y(-5).
7
What are the prime factors of 2 + -6 + (0 + 0 - -22)?
2, 3
Let j(y) = -y - 8. Let z be j(-7). List the prime factors of 6 - ((z - 1) + 4).
2
Suppose 2*x + 10 = 0, 2*y - 59 = -x + 6*x. Let t = 19 - y. List the prime factors of t.
2
Let a(q) = 2*q - 3. Let w be a(5). Suppose -w*o = -3*o + 4. Let r(i) = -12*i**3 - i - 1. What are the prime factors of r(o)?
2, 3
Let r(b) = 4*b**2 + 4*b + 42. List the prime factors of r(-6).
2, 3
Let d be (-2)/4 - (-45)/10. Let q = d + -1. What are the prime factors of -3 + 1*(16 + q)?
2
Suppose 3 = -9*y + 1434. What are the prime factors of y?
3, 53
Let i = 3 - 4. Let s(x) = -7*x - 2*x - 2*x + x + 1. What are the prime factors of s(i)?
11
Suppose -16 = -4*v + 4. Let s(d) = -d**3 + 6*d**2 - 4*d - 2. Let f be s(v). Suppose -4*u + u - 21 = -f*c, -2*u = -5*c + 29. What are the prime factors of c?
5
Suppose 5*p + 0*n + 2*n - 28 = 0, -4*p - 3*n + 28 = 0. Suppose -p*z = -0*z - 36. List the prime factors of z.
3
Suppose 0 = x + 3, 4*h - 3*x - 23 + 6 = 0. List the prime factors of -3*h*1/(-2).
3
Suppose -o = -5*z - 3, -5 = -3*z - 2*o + 1. Let d = z - -2. List the prime factors of d.
2
Suppose m + 4 = 15. Suppose -3*f = -m - 1. List the prime factors of f.
2
Suppose -k = -5*w + 24, 0 = 3*k + 4*w - 43 + 134. Let t = -17 - k. What are the prime factors of t?
2, 3
Let k(d) = -d**3 + 8*d**2 + 12*d. List the prime factors of k(9).
3
Let v = -25 - -65. What are the prime factors of v?
2, 5
Let g(j) = -j**3 + 11*j**2 - 8*j + 14. List the prime factors of g(10).
2, 17
Let i(b) = 10*b**2 - 4*b + 3. What are the prime factors of i(2)?
5, 7
Let v be 23 + 0*(-1)/(-2). Let f = v + -10. What are the prime factors of f?
13
What are the prime factors of 3*26 + (-2)/(-2)*-1?
7, 11
Suppose -2*v + 227 = 8*h - 7*h, 336 = 3*v - 3*h. What are the prime factors of v?
113
Let p = 73 + -38. Let k = p + -3. What are the prime factors of k?
2
List the prime factors of (-10)/(-85) - 2136/(-51).
2, 3, 7
Let m be 115/(2 - (3 + -2)). Suppose 5*d = -5*s + m, -4*d + 7 = -s + d. List the prime factors of s.
2, 3
Suppose 4*k + 3*k - 700 = 0. List the prime factors of k.
2, 5
Suppose -4*j + j - 3*m = 0, -5*m = 4*j. Suppose 0 